

{"id":551,"date":"2016-11-21T14:54:13","date_gmt":"2016-11-21T13:54:13","guid":{"rendered":"https:\/\/www.patisserie-blanleil.fr\/?page_id=551"},"modified":"2016-09-08T15:46:50","modified_gmt":"2016-09-08T14:46:50","slug":"la-figue-de-bourg-2","status":"publish","type":"page","link":"https:\/\/www.patisserie-blanleil.fr\/?page_id=551&lang=fr","title":{"rendered":"La Figue de Bourg"},"content":{"rendered":"<p>[vc_row full_width=\u00a0\u00bbstretch_row\u00a0\u00bb parallax=\u00a0\u00bbcontent-moving\u00a0\u00bb parallax_image=\u00a0\u00bb652&Prime;][vc_column][vc_empty_space height=\u00a0\u00bb232&Prime;][\/vc_column][\/vc_row][vc_row][vc_column][vc_column_text]<\/p>\n\n\t\t<style type=\"text\/css\">\n\t\t\t#gallery-1 {\n\t\t\t\tmargin: auto;\n\t\t\t}\n\t\t\t#gallery-1 .gallery-item {\n\t\t\t\tfloat: left;\n\t\t\t\tmargin-top: 10px;\n\t\t\t\ttext-align: center;\n\t\t\t\twidth: 33%;\n\t\t\t}\n\t\t\t#gallery-1 img {\n\t\t\t\tborder: 2px solid #cfcfcf;\n\t\t\t}\n\t\t\t#gallery-1 .gallery-caption {\n\t\t\t\tmargin-left: 0;\n\t\t\t}\n\t\t\t\/* see gallery_shortcode() in wp-includes\/media.php *\/\n\t\t<\/style>\n\t\t<div id='gallery-1' class='gallery galleryid-551 gallery-columns-3 gallery-size-full'><dl class='gallery-item'>\n\t\t\t<dt class='gallery-icon landscape'>\n\t\t\t\t<img loading=\"lazy\" decoding=\"async\" width=\"500\" height=\"500\" src=\"https:\/\/www.patisserie-blanleil.fr\/wp-content\/uploads\/2016\/03\/figue-de-bourg-ballotins-kraft-detail-500x500.jpg\" class=\"attachment-full size-full\" alt=\"\" aria-describedby=\"gallery-1-602\" srcset=\"https:\/\/www.patisserie-blanleil.fr\/wp-content\/uploads\/2016\/03\/figue-de-bourg-ballotins-kraft-detail-500x500.jpg 500w, https:\/\/www.patisserie-blanleil.fr\/wp-content\/uploads\/2016\/03\/figue-de-bourg-ballotins-kraft-detail-500x500-300x300.jpg 300w, https:\/\/www.patisserie-blanleil.fr\/wp-content\/uploads\/2016\/03\/figue-de-bourg-ballotins-kraft-detail-500x500-100x100.jpg 100w, https:\/\/www.patisserie-blanleil.fr\/wp-content\/uploads\/2016\/03\/figue-de-bourg-ballotins-kraft-detail-500x500-150x150.jpg 150w\" sizes=\"auto, (max-width: 500px) 100vw, 500px\" \/>\n\t\t\t<\/dt>\n\t\t\t\t<dd class='wp-caption-text gallery-caption' id='gallery-1-602'>\n\t\t\t\tCartons kraft\n\t\t\t\t<\/dd><\/dl><dl class='gallery-item'>\n\t\t\t<dt class='gallery-icon landscape'>\n\t\t\t\t<img loading=\"lazy\" decoding=\"async\" width=\"500\" height=\"500\" src=\"https:\/\/www.patisserie-blanleil.fr\/wp-content\/uploads\/2016\/04\/figue-de-bourg-1-500x500.jpg\" class=\"attachment-full size-full\" alt=\"Figue de Bourg\" aria-describedby=\"gallery-1-592\" srcset=\"https:\/\/www.patisserie-blanleil.fr\/wp-content\/uploads\/2016\/04\/figue-de-bourg-1-500x500.jpg 500w, https:\/\/www.patisserie-blanleil.fr\/wp-content\/uploads\/2016\/04\/figue-de-bourg-1-500x500-300x300.jpg 300w, https:\/\/www.patisserie-blanleil.fr\/wp-content\/uploads\/2016\/04\/figue-de-bourg-1-500x500-100x100.jpg 100w, https:\/\/www.patisserie-blanleil.fr\/wp-content\/uploads\/2016\/04\/figue-de-bourg-1-500x500-150x150.jpg 150w\" sizes=\"auto, (max-width: 500px) 100vw, 500px\" \/>\n\t\t\t<\/dt>\n\t\t\t\t<dd class='wp-caption-text gallery-caption' id='gallery-1-592'>\n\t\t\t\tBouteille et caissette\n\t\t\t\t<\/dd><\/dl><dl class='gallery-item'>\n\t\t\t<dt class='gallery-icon landscape'>\n\t\t\t\t<img loading=\"lazy\" decoding=\"async\" width=\"500\" height=\"500\" src=\"https:\/\/www.patisserie-blanleil.fr\/wp-content\/uploads\/2016\/03\/figue-de-bourg-poches-500x500.jpg\" class=\"attachment-full size-full\" alt=\"\" aria-describedby=\"gallery-1-606\" srcset=\"https:\/\/www.patisserie-blanleil.fr\/wp-content\/uploads\/2016\/03\/figue-de-bourg-poches-500x500.jpg 500w, https:\/\/www.patisserie-blanleil.fr\/wp-content\/uploads\/2016\/03\/figue-de-bourg-poches-500x500-300x300.jpg 300w, https:\/\/www.patisserie-blanleil.fr\/wp-content\/uploads\/2016\/03\/figue-de-bourg-poches-500x500-100x100.jpg 100w, https:\/\/www.patisserie-blanleil.fr\/wp-content\/uploads\/2016\/03\/figue-de-bourg-poches-500x500-150x150.jpg 150w\" sizes=\"auto, (max-width: 500px) 100vw, 500px\" \/>\n\t\t\t<\/dt>\n\t\t\t\t<dd class='wp-caption-text gallery-caption' id='gallery-1-606'>\n\t\t\t\tPoches\n\t\t\t\t<\/dd><\/dl><br style=\"clear: both\" \/>\n\t\t<\/div>\n\n<p>[\/vc_column_text][\/vc_column][\/vc_row][vc_row][vc_column width=\u00a0\u00bb1\/4&Prime;][vc_column_text][\/vc_column_text][\/vc_column][vc_column width=\u00a0\u00bb1\/2&Prime;][vc_column_text]<\/p>\n<p style=\"text-align: justify;\">L\u2019histoire nous raconte que le jeune Roi Louis XIV, en promenade dans un jardin de la ville de Bourg en 1650, voulut cueillir une figue.\u00a0Comme il \u00e9tait trop\u00a0petit pour l\u2019atteindre, un moine le souleva afin de lui porter assistance&#8230;<!--more-->Mais porter la main sur le Roi est un crime de l\u00e8se Majest\u00e9. Heureusement pour lui la Reine m\u00e8re, Anne d\u2019Autriche, le gracia. En souvenir de cet \u00e9v\u00e9nement les habitants de Bourg plant\u00e8rent beaucoup de figuiers dans la ville donnant naissance au XXe si\u00e8cle \u00e0 la sp\u00e9cialit\u00e9 appel\u00e9e\u00a0<strong>la Figue de Bourg\u00a9 <\/strong>(cr\u00e9ation de Daniel Maritch)<\/p>\n<p>[\/vc_column_text][\/vc_column][vc_column width=\u00a0\u00bb1\/4&Prime;][vc_column_text][\/vc_column_text][\/vc_column][\/vc_row][vc_row][vc_column][vc_column_text]<\/p>\n\n\t\t<style type=\"text\/css\">\n\t\t\t#gallery-2 {\n\t\t\t\tmargin: auto;\n\t\t\t}\n\t\t\t#gallery-2 .gallery-item {\n\t\t\t\tfloat: left;\n\t\t\t\tmargin-top: 10px;\n\t\t\t\ttext-align: center;\n\t\t\t\twidth: 33%;\n\t\t\t}\n\t\t\t#gallery-2 img {\n\t\t\t\tborder: 2px solid #cfcfcf;\n\t\t\t}\n\t\t\t#gallery-2 .gallery-caption {\n\t\t\t\tmargin-left: 0;\n\t\t\t}\n\t\t\t\/* see gallery_shortcode() in wp-includes\/media.php *\/\n\t\t<\/style>\n\t\t<div id='gallery-2' class='gallery galleryid-551 gallery-columns-3 gallery-size-full'><dl class='gallery-item'>\n\t\t\t<dt class='gallery-icon portrait'>\n\t\t\t\t<img loading=\"lazy\" decoding=\"async\" width=\"335\" height=\"441\" src=\"https:\/\/www.patisserie-blanleil.fr\/wp-content\/uploads\/2016\/03\/frederic-rouleau-400x500.jpg\" class=\"attachment-full size-full\" alt=\"\" aria-describedby=\"gallery-2-680\" srcset=\"https:\/\/www.patisserie-blanleil.fr\/wp-content\/uploads\/2016\/03\/frederic-rouleau-400x500.jpg 335w, https:\/\/www.patisserie-blanleil.fr\/wp-content\/uploads\/2016\/03\/frederic-rouleau-400x500-228x300.jpg 228w\" sizes=\"auto, (max-width: 335px) 100vw, 335px\" \/>\n\t\t\t<\/dt>\n\t\t\t\t<dd class='wp-caption-text gallery-caption' id='gallery-2-680'>\n\t\t\t\tPr\u00e9paration\n\t\t\t\t<\/dd><\/dl><dl class='gallery-item'>\n\t\t\t<dt class='gallery-icon portrait'>\n\t\t\t\t<img loading=\"lazy\" decoding=\"async\" width=\"335\" height=\"441\" src=\"https:\/\/www.patisserie-blanleil.fr\/wp-content\/uploads\/2016\/03\/mains-frederic-400x500.jpg\" class=\"attachment-full size-full\" alt=\"\" aria-describedby=\"gallery-2-681\" srcset=\"https:\/\/www.patisserie-blanleil.fr\/wp-content\/uploads\/2016\/03\/mains-frederic-400x500.jpg 335w, https:\/\/www.patisserie-blanleil.fr\/wp-content\/uploads\/2016\/03\/mains-frederic-400x500-228x300.jpg 228w\" sizes=\"auto, (max-width: 335px) 100vw, 335px\" \/>\n\t\t\t<\/dt>\n\t\t\t\t<dd class='wp-caption-text gallery-caption' id='gallery-2-681'>\n\t\t\t\tFa\u00e7onnage\n\t\t\t\t<\/dd><\/dl><dl class='gallery-item'>\n\t\t\t<dt class='gallery-icon portrait'>\n\t\t\t\t<img loading=\"lazy\" decoding=\"async\" width=\"335\" height=\"441\" src=\"https:\/\/www.patisserie-blanleil.fr\/wp-content\/uploads\/2016\/03\/socle-figue-400x500.jpg\" class=\"attachment-full size-full\" alt=\"\" aria-describedby=\"gallery-2-682\" srcset=\"https:\/\/www.patisserie-blanleil.fr\/wp-content\/uploads\/2016\/03\/socle-figue-400x500.jpg 335w, https:\/\/www.patisserie-blanleil.fr\/wp-content\/uploads\/2016\/03\/socle-figue-400x500-228x300.jpg 228w\" sizes=\"auto, (max-width: 335px) 100vw, 335px\" \/>\n\t\t\t<\/dt>\n\t\t\t\t<dd class='wp-caption-text gallery-caption' id='gallery-2-682'>\n\t\t\t\tFinition\n\t\t\t\t<\/dd><\/dl><br style=\"clear: both\" \/>\n\t\t<\/div>\n\n<p>[\/vc_column_text][\/vc_column][\/vc_row][vc_row][vc_column][vc_btn title=\u00a0\u00bbCommander en ligne\u00a0\u00bb color=\u00a0\u00bbchino\u00a0\u00bb size=\u00a0\u00bblg\u00a0\u00bb align=\u00a0\u00bbcenter\u00a0\u00bb css_animation=\u00a0\u00bbappear\u00a0\u00bb link=\u00a0\u00bburl:https%3A%2F%2Fwww.patisserie-blanleil.fr%2F%3Fproduct%3Dla-figue-de-bourg%26lang%3Dfr|title:Boutique|\u00a0\u00bb][\/vc_column][\/vc_row]<\/p>\n","protected":false},"excerpt":{"rendered":"<p>[vc_row full_width=\u00a0\u00bbstretch_row\u00a0\u00bb parallax=\u00a0\u00bbcontent-moving\u00a0\u00bb parallax_image=\u00a0\u00bb652&Prime;][vc_column][vc_empty_space height=\u00a0\u00bb232&Prime;][\/vc_column][\/vc_row][vc_row][vc_column][vc_column_text] [\/vc_column_text][\/vc_column][\/vc_row][vc_row][vc_column width=\u00a0\u00bb1\/4&Prime;][vc_column_text][\/vc_column_text][\/vc_column][vc_column width=\u00a0\u00bb1\/2&Prime;][vc_column_text] L\u2019histoire nous raconte que le jeune Roi Louis XIV, en promenade dans un jardin de la ville [&hellip;]<\/p>\n","protected":false},"author":1,"featured_media":669,"parent":0,"menu_order":0,"comment_status":"closed","ping_status":"closed","template":"template_fullwidth.php","meta":{"footnotes":""},"class_list":["post-551","page","type-page","status-publish","has-post-thumbnail","hentry"],"_links":{"self":[{"href":"https:\/\/www.patisserie-blanleil.fr\/index.php?rest_route=\/wp\/v2\/pages\/551","targetHints":{"allow":["GET"]}}],"collection":[{"href":"https:\/\/www.patisserie-blanleil.fr\/index.php?rest_route=\/wp\/v2\/pages"}],"about":[{"href":"https:\/\/www.patisserie-blanleil.fr\/index.php?rest_route=\/wp\/v2\/types\/page"}],"author":[{"embeddable":true,"href":"https:\/\/www.patisserie-blanleil.fr\/index.php?rest_route=\/wp\/v2\/users\/1"}],"replies":[{"embeddable":true,"href":"https:\/\/www.patisserie-blanleil.fr\/index.php?rest_route=%2Fwp%2Fv2%2Fcomments&post=551"}],"version-history":[{"count":55,"href":"https:\/\/www.patisserie-blanleil.fr\/index.php?rest_route=\/wp\/v2\/pages\/551\/revisions"}],"predecessor-version":[{"id":787,"href":"https:\/\/www.patisserie-blanleil.fr\/index.php?rest_route=\/wp\/v2\/pages\/551\/revisions\/787"}],"wp:featuredmedia":[{"embeddable":true,"href":"https:\/\/www.patisserie-blanleil.fr\/index.php?rest_route=\/wp\/v2\/media\/669"}],"wp:attachment":[{"href":"https:\/\/www.patisserie-blanleil.fr\/index.php?rest_route=%2Fwp%2Fv2%2Fmedia&parent=551"}],"curies":[{"name":"wp","href":"https:\/\/api.w.org\/{rel}","templated":true}]}}

<p>[vc_row full_width= »stretch_row » parallax= »content-moving » parallax_image= »652&Prime;][vc_column][vc_empty_space height= »232&Prime;][/vc_column][/vc_row][vc_row][vc_column][vc_column_text]</p>

		<style type="text/css">
			#gallery-1 {
				margin: auto;
			}
			#gallery-1 .gallery-item {
				float: left;
				margin-top: 10px;
				text-align: center;
				width: 33%;
			}
			#gallery-1 img {
				border: 2px solid #cfcfcf;
			}
			#gallery-1 .gallery-caption {
				margin-left: 0;
			}
			/* see gallery_shortcode() in wp-includes/media.php */
		</style>
		<div id='gallery-1' class='gallery galleryid-551 gallery-columns-3 gallery-size-full'><dl class='gallery-item'>
			<dt class='gallery-icon landscape'>
				<img loading="lazy" decoding="async" width="500" height="500" src="https://www.patisserie-blanleil.fr/wp-content/uploads/2016/03/figue-de-bourg-ballotins-kraft-detail-500x500.jpg" class="attachment-full size-full" alt="" aria-describedby="gallery-1-602" srcset="https://www.patisserie-blanleil.fr/wp-content/uploads/2016/03/figue-de-bourg-ballotins-kraft-detail-500x500.jpg 500w, https://www.patisserie-blanleil.fr/wp-content/uploads/2016/03/figue-de-bourg-ballotins-kraft-detail-500x500-300x300.jpg 300w, https://www.patisserie-blanleil.fr/wp-content/uploads/2016/03/figue-de-bourg-ballotins-kraft-detail-500x500-100x100.jpg 100w, https://www.patisserie-blanleil.fr/wp-content/uploads/2016/03/figue-de-bourg-ballotins-kraft-detail-500x500-150x150.jpg 150w" sizes="auto, (max-width: 500px) 100vw, 500px" />
			</dt>
				<dd class='wp-caption-text gallery-caption' id='gallery-1-602'>
				Cartons kraft
				</dd></dl><dl class='gallery-item'>
			<dt class='gallery-icon landscape'>
				<img loading="lazy" decoding="async" width="500" height="500" src="https://www.patisserie-blanleil.fr/wp-content/uploads/2016/04/figue-de-bourg-1-500x500.jpg" class="attachment-full size-full" alt="Figue de Bourg" aria-describedby="gallery-1-592" srcset="https://www.patisserie-blanleil.fr/wp-content/uploads/2016/04/figue-de-bourg-1-500x500.jpg 500w, https://www.patisserie-blanleil.fr/wp-content/uploads/2016/04/figue-de-bourg-1-500x500-300x300.jpg 300w, https://www.patisserie-blanleil.fr/wp-content/uploads/2016/04/figue-de-bourg-1-500x500-100x100.jpg 100w, https://www.patisserie-blanleil.fr/wp-content/uploads/2016/04/figue-de-bourg-1-500x500-150x150.jpg 150w" sizes="auto, (max-width: 500px) 100vw, 500px" />
			</dt>
				<dd class='wp-caption-text gallery-caption' id='gallery-1-592'>
				Bouteille et caissette
				</dd></dl><dl class='gallery-item'>
			<dt class='gallery-icon landscape'>
				<img loading="lazy" decoding="async" width="500" height="500" src="https://www.patisserie-blanleil.fr/wp-content/uploads/2016/03/figue-de-bourg-poches-500x500.jpg" class="attachment-full size-full" alt="" aria-describedby="gallery-1-606" srcset="https://www.patisserie-blanleil.fr/wp-content/uploads/2016/03/figue-de-bourg-poches-500x500.jpg 500w, https://www.patisserie-blanleil.fr/wp-content/uploads/2016/03/figue-de-bourg-poches-500x500-300x300.jpg 300w, https://www.patisserie-blanleil.fr/wp-content/uploads/2016/03/figue-de-bourg-poches-500x500-100x100.jpg 100w, https://www.patisserie-blanleil.fr/wp-content/uploads/2016/03/figue-de-bourg-poches-500x500-150x150.jpg 150w" sizes="auto, (max-width: 500px) 100vw, 500px" />
			</dt>
				<dd class='wp-caption-text gallery-caption' id='gallery-1-606'>
				Poches
				</dd></dl><br style="clear: both" />
		</div>

<p>[/vc_column_text][/vc_column][/vc_row][vc_row][vc_column width= »1/4&Prime;][vc_column_text][/vc_column_text][/vc_column][vc_column width= »1/2&Prime;][vc_column_text]</p>
<p style="text-align: justify;">L’histoire nous raconte que le jeune Roi Louis XIV, en promenade dans un jardin de la ville de Bourg en 1650, voulut cueillir une figue. Comme il était trop petit pour l’atteindre, un moine le souleva afin de lui porter assistance&#8230;<!--more-->Mais porter la main sur le Roi est un crime de lèse Majesté. Heureusement pour lui la Reine mère, Anne d’Autriche, le gracia. En souvenir de cet événement les habitants de Bourg plantèrent beaucoup de figuiers dans la ville donnant naissance au XXe siècle à la spécialité appelée <strong>la Figue de Bourg© </strong>(création de Daniel Maritch)</p>
<p>[/vc_column_text][/vc_column][vc_column width= »1/4&Prime;][vc_column_text][/vc_column_text][/vc_column][/vc_row][vc_row][vc_column][vc_column_text]</p>

		<style type="text/css">
			#gallery-2 {
				margin: auto;
			}
			#gallery-2 .gallery-item {
				float: left;
				margin-top: 10px;
				text-align: center;
				width: 33%;
			}
			#gallery-2 img {
				border: 2px solid #cfcfcf;
			}
			#gallery-2 .gallery-caption {
				margin-left: 0;
			}
			/* see gallery_shortcode() in wp-includes/media.php */
		</style>
		<div id='gallery-2' class='gallery galleryid-551 gallery-columns-3 gallery-size-full'><dl class='gallery-item'>
			<dt class='gallery-icon portrait'>
				<img loading="lazy" decoding="async" width="335" height="441" src="https://www.patisserie-blanleil.fr/wp-content/uploads/2016/03/frederic-rouleau-400x500.jpg" class="attachment-full size-full" alt="" aria-describedby="gallery-2-680" srcset="https://www.patisserie-blanleil.fr/wp-content/uploads/2016/03/frederic-rouleau-400x500.jpg 335w, https://www.patisserie-blanleil.fr/wp-content/uploads/2016/03/frederic-rouleau-400x500-228x300.jpg 228w" sizes="auto, (max-width: 335px) 100vw, 335px" />
			</dt>
				<dd class='wp-caption-text gallery-caption' id='gallery-2-680'>
				Préparation
				</dd></dl><dl class='gallery-item'>
			<dt class='gallery-icon portrait'>
				<img loading="lazy" decoding="async" width="335" height="441" src="https://www.patisserie-blanleil.fr/wp-content/uploads/2016/03/mains-frederic-400x500.jpg" class="attachment-full size-full" alt="" aria-describedby="gallery-2-681" srcset="https://www.patisserie-blanleil.fr/wp-content/uploads/2016/03/mains-frederic-400x500.jpg 335w, https://www.patisserie-blanleil.fr/wp-content/uploads/2016/03/mains-frederic-400x500-228x300.jpg 228w" sizes="auto, (max-width: 335px) 100vw, 335px" />
			</dt>
				<dd class='wp-caption-text gallery-caption' id='gallery-2-681'>
				Façonnage
				</dd></dl><dl class='gallery-item'>
			<dt class='gallery-icon portrait'>
				<img loading="lazy" decoding="async" width="335" height="441" src="https://www.patisserie-blanleil.fr/wp-content/uploads/2016/03/socle-figue-400x500.jpg" class="attachment-full size-full" alt="" aria-describedby="gallery-2-682" srcset="https://www.patisserie-blanleil.fr/wp-content/uploads/2016/03/socle-figue-400x500.jpg 335w, https://www.patisserie-blanleil.fr/wp-content/uploads/2016/03/socle-figue-400x500-228x300.jpg 228w" sizes="auto, (max-width: 335px) 100vw, 335px" />
			</dt>
				<dd class='wp-caption-text gallery-caption' id='gallery-2-682'>
				Finition
				</dd></dl><br style="clear: both" />
		</div>

<p>[/vc_column_text][/vc_column][/vc_row][vc_row][vc_column][vc_btn title= »Commander en ligne » color= »chino » size= »lg » align= »center » css_animation= »appear » link= »url:https%3A%2F%2Fwww.patisserie-blanleil.fr%2F%3Fproduct%3Dla-figue-de-bourg%26lang%3Dfr|title:Boutique| »][/vc_column][/vc_row]</p>
