

{"id":545,"date":"2017-04-07T13:42:30","date_gmt":"2017-04-07T12:42:30","guid":{"rendered":"https:\/\/www.patisserie-blanleil.fr\/?page_id=545"},"modified":"2016-06-13T18:03:48","modified_gmt":"2016-06-13T17:03:48","slug":"test","status":"publish","type":"page","link":"https:\/\/www.patisserie-blanleil.fr\/?page_id=545&lang=fr","title":{"rendered":"La Maison Blanleil"},"content":{"rendered":"<p>[vc_row][vc_column][vc_column_text]<img loading=\"lazy\" decoding=\"async\" class=\"alignleft wp-image-749\" src=\"https:\/\/www.patisserie-blanleil.fr\/wp-content\/uploads\/2016\/03\/portrait-1.jpg\" alt=\"portrait-1\" width=\"400\" height=\"459\" srcset=\"https:\/\/www.patisserie-blanleil.fr\/wp-content\/uploads\/2016\/03\/portrait-1.jpg 800w, https:\/\/www.patisserie-blanleil.fr\/wp-content\/uploads\/2016\/03\/portrait-1-600x689.jpg 600w, https:\/\/www.patisserie-blanleil.fr\/wp-content\/uploads\/2016\/03\/portrait-1-261x300.jpg 261w, https:\/\/www.patisserie-blanleil.fr\/wp-content\/uploads\/2016\/03\/portrait-1-768x881.jpg 768w, https:\/\/www.patisserie-blanleil.fr\/wp-content\/uploads\/2016\/03\/portrait-1-790x907.jpg 790w\" sizes=\"auto, (max-width: 400px) 100vw, 400px\" \/><\/p>\n<p>&nbsp;<\/p>\n<p>&nbsp;<\/p>\n<p>C&rsquo;est en rachetant la Maison Maritch fond\u00e9e en 1984, que Karine et Fr\u00e9d\u00e9ric Blanleil se lancent dans l&rsquo;aventure en 2010.<br \/>\n<!--more--><\/p>\n<p>&nbsp;<\/p>\n<p>Fr\u00e9d\u00e9ric a\u00a0travaill\u00e9 pendant plus de 15 ans en tant qu&rsquo;artisan chocolatier au sein de cette confiserie. C&rsquo;est donc tout naturellement qu&rsquo;il s&rsquo;est inscrit dans la continuit\u00e9 de cette maison reconnue pour la qualit\u00e9 de ses produits.<\/p>\n<p>&nbsp;<\/p>\n<p>En poursuivant un travail 100% artisanal \u00e0 base de produits frais, la gamme de confiseries et p\u00e2tisseries a continu\u00e9 de\u00a0se d\u00e9velopper pour le plus grand plaisir des petits et des grands.[\/vc_column_text][\/vc_column][\/vc_row]<\/p>\n","protected":false},"excerpt":{"rendered":"<p>[vc_row][vc_column][vc_column_text] &nbsp; &nbsp; C&rsquo;est en rachetant la Maison Maritch fond\u00e9e en 1984, que Karine et Fr\u00e9d\u00e9ric Blanleil se lancent dans l&rsquo;aventure en 2010.<\/p>\n","protected":false},"author":1,"featured_media":674,"parent":0,"menu_order":0,"comment_status":"closed","ping_status":"closed","template":"template_fullwidth.php","meta":{"footnotes":""},"class_list":["post-545","page","type-page","status-publish","has-post-thumbnail","hentry"],"_links":{"self":[{"href":"https:\/\/www.patisserie-blanleil.fr\/index.php?rest_route=\/wp\/v2\/pages\/545","targetHints":{"allow":["GET"]}}],"collection":[{"href":"https:\/\/www.patisserie-blanleil.fr\/index.php?rest_route=\/wp\/v2\/pages"}],"about":[{"href":"https:\/\/www.patisserie-blanleil.fr\/index.php?rest_route=\/wp\/v2\/types\/page"}],"author":[{"embeddable":true,"href":"https:\/\/www.patisserie-blanleil.fr\/index.php?rest_route=\/wp\/v2\/users\/1"}],"replies":[{"embeddable":true,"href":"https:\/\/www.patisserie-blanleil.fr\/index.php?rest_route=%2Fwp%2Fv2%2Fcomments&post=545"}],"version-history":[{"count":11,"href":"https:\/\/www.patisserie-blanleil.fr\/index.php?rest_route=\/wp\/v2\/pages\/545\/revisions"}],"predecessor-version":[{"id":753,"href":"https:\/\/www.patisserie-blanleil.fr\/index.php?rest_route=\/wp\/v2\/pages\/545\/revisions\/753"}],"wp:featuredmedia":[{"embeddable":true,"href":"https:\/\/www.patisserie-blanleil.fr\/index.php?rest_route=\/wp\/v2\/media\/674"}],"wp:attachment":[{"href":"https:\/\/www.patisserie-blanleil.fr\/index.php?rest_route=%2Fwp%2Fv2%2Fmedia&parent=545"}],"curies":[{"name":"wp","href":"https:\/\/api.w.org\/{rel}","templated":true}]}}

<p>[vc_row][vc_column][vc_column_text]<img loading="lazy" decoding="async" class="alignleft wp-image-749" src="https://www.patisserie-blanleil.fr/wp-content/uploads/2016/03/portrait-1.jpg" alt="portrait-1" width="400" height="459" srcset="https://www.patisserie-blanleil.fr/wp-content/uploads/2016/03/portrait-1.jpg 800w, https://www.patisserie-blanleil.fr/wp-content/uploads/2016/03/portrait-1-600x689.jpg 600w, https://www.patisserie-blanleil.fr/wp-content/uploads/2016/03/portrait-1-261x300.jpg 261w, https://www.patisserie-blanleil.fr/wp-content/uploads/2016/03/portrait-1-768x881.jpg 768w, https://www.patisserie-blanleil.fr/wp-content/uploads/2016/03/portrait-1-790x907.jpg 790w" sizes="auto, (max-width: 400px) 100vw, 400px" /></p>
<p>&nbsp;</p>
<p>&nbsp;</p>
<p>C&rsquo;est en rachetant la Maison Maritch fondée en 1984, que Karine et Frédéric Blanleil se lancent dans l&rsquo;aventure en 2010.<br />
<!--more--></p>
<p>&nbsp;</p>
<p>Frédéric a travaillé pendant plus de 15 ans en tant qu&rsquo;artisan chocolatier au sein de cette confiserie. C&rsquo;est donc tout naturellement qu&rsquo;il s&rsquo;est inscrit dans la continuité de cette maison reconnue pour la qualité de ses produits.</p>
<p>&nbsp;</p>
<p>En poursuivant un travail 100% artisanal à base de produits frais, la gamme de confiseries et pâtisseries a continué de se développer pour le plus grand plaisir des petits et des grands.[/vc_column_text][/vc_column][/vc_row]</p>

<p>[vc_row][vc_column][vc_column_text] &nbsp; &nbsp; C&rsquo;est en rachetant la Maison Maritch fondée en 1984, que Karine et Frédéric Blanleil se lancent dans l&rsquo;aventure en 2010.</p>
